10 - -213343?
213333
In base 6, what is -33543 + 32?
-33511
In base 10, what is -309 - -9734?
9425
In base 15, what is -2 - -2818?
2816
In base 6, what is 21302 + -45?
21213
In base 13, what is -61ba - -18?
-61a2
In base 3, what is 111122022 + -1211?
111120111
In base 4, what is 1121 - 131032?
-123311
In base 6, what is -253 + 3012?
2315
In base 12, what is -99 + 2a42?
2965
In base 16, what is -1c21 - bf?
-1ce0
In base 7, what is 31415126 - 1?
31415125
In base 14, what is 1 + -ad78?
-ad77
In base 10, what is 153934 + 1?
153935
In base 10, what is 5 - 32221?
-32216
In base 15, what is 48 - c49?
-c01
In base 3, what is 2 - 1001110?
-1001101
In base 14, what is 0 + -7038?
-7038
In base 10, what is -2 + 96832?
96830
In base 7, what is 11365 + 1363?
13061
In base 2, what is 100110001000011 - -100?
100110001000111
In base 13, what is 23 - -9669?
968c
In base 4, what is -10301 + 1?
-10300
In base 16, what is -4 - -84c0?
84bc
In base 4, what is -21202312 - 1?
-21202313
In base 13, what is -b303 + 0?
-b303
In base 2, what is -10 + 111001111010010010?
111001111010010000
In base 5, what is 3422133 + -4?
3422124
In base 9, what is -81830 + 5?
-81824
In base 4, what is 201133 + 223?
202022
In base 13, what is 7398 - a?
738b
In base 8, what is -55367 + -7?
-55376
In base 6, what is 3 + -105112?
-105105
In base 11, what is -27170 + 6?
-27165
In base 8, what is 1540 + 212?
1752
In base 5, what is -11223443 + -4?
-11224002
In base 16, what is b3e5a - 0?
b3e5a
In base 10, what is -17 - 8546?
-8563
In base 15, what is 5 + 8aa9d?
8aaa3
In base 3, what is 2 + -11100110?
-11100101
In base 12, what is 128 + -1?
127
In base 15, what is -55a5ae - -2?
-55a5ac
In base 13, what is -a - 26c8?
-2705
In base 4, what is -2132101211 - 21?
-2132101232
In base 16, what is 446 + -27?
41f
In base 13, what is 4 - 5b79?
-5b75
In base 5, what is 40414 + 22?
40441
In base 8, what is 6 + 40327?
40335
In base 12, what is -1 + 11926?
11925
In base 7, what is -1132264 + 4?
-1132260
In base 12, what is 88331 + -3?
8832a
In base 14, what is -16 + -43297?
-432ad
In base 4, what is -111133031320 - 2?
-111133031322
In base 14, what is -497 + -11d?
-5b6
In base 12, what is a8 - -19a?
286
In base 3, what is -211022 - 2122220?
-10111012
In base 10, what is -31171 + 2?
-31169
In base 8, what is -11 + -11064?
-11075
In base 10, what is -13 + 4099?
4086
In base 9, what is 367822 - 36?
367775
In base 16, what is -131 - 32?
-163
In base 14, what is -c8c9 + -1?
-c8ca
In base 7, what is -1 + 442162?
442161
In base 15, what is ed843 - 1?
ed842
In base 8, what is 55555 + -3?
55552
In base 14, what is -12 - -4847?
4835
In base 4, what is -33011 + -21013?
-120030
In base 5, what is 31042042 + 2?
31042044
In base 10, what is 676868 - 4?
676864
In base 13, what is 1b - b2b?
-b10
In base 7, what is -4 - -236110?
236103
In base 4, what is -222 + 1221033?
1220211
In base 5, what is -123 + -41143?
-41321
In base 3, what is -11220 + -20200202?
-20212122
In base 4, what is 311311 - 12?
311233
In base 13, what is -58269a - 1?
-58269b
In base 16, what is 4 + -99ea?
-99e6
In base 6, what is 3 - 31030?
-31023
In base 8, what is 3 + -403060?
-403055
In base 13, what is -1522 + 0?
-1522
In base 10, what is 2 + -119233?
-119231
In base 5, what is 0 + -31333424?
-31333424
In base 2, what is 1001111 + -1010?
1000101
In base 8, what is 4 - 11601?
-11575
In base 3, what is -12 + -22221122?
-22221211
In base 13, what is 8bb17 + 4?
8bb1b
In base 13, what is 4 + 1c52a?
1c531
In base 7, what is -44 - -365?
321
In base 2, what is 1000101010100000110 + -11?
1000101010100000011
In base 13, what is b1ab + -4?
b1a7
In base 2, what is -101101000100101000111 + -100?
-101101000100101001011
In base 11, what is -2 + 9734a?
97348
In base 11, what is -2 + -258955?
-258957
In base 6, what is -124 + 252205?
252041
In base 11, what is 1187 - a8?
108a
In base 7, what is -2436 + -3001?
-5440
In base 8, what is 3 + -45646?
-45643
In base 12, what is 121b26 + -2?
121b24
In base 2, what is 100011111000010011 - -1?
100011111000010100
In base 14, what is -358d + -c?
-359b
In base 11, what is 454a0 + -41?
4545a
In base 2, what is -10110 + -100100010000?
-100100100110
In base 2, what is 101000 + -1000000001?
-111011001
In base 14, what is 5 + 62c1?
62c6
In base 5, what is -4 + 213321?
213312
In base 8, what is -67 - 11027?
-11116
In base 4, what is 2213001121 + 0?
2213001121
In base 4, what is -3 - -10213023?
10213020
In base 16, what is -31 - -50?
1f
In base 12, what is a376 - -4?
a37a
In base 13, what is -5 + 13c306?
13c301
In base 14, what is -7c6c + -2?
-7c70
In base 3, what is -101012220 - -21022?
-100221121
In base 14, what is a2 + -2dc?
-23a
In base 5, what is -33410 + 1?
-33404
In base 8, what is -424241 + -6?
-424247
In base 11, what is 229 + -15a?
7a
In base 3, what is -1021112111 + -10?
-1021112121
In base 13, what is -2983 - 1?
-2984
In base 13, what is 1 + 144730?
144731
In base 9, what is -144 + -37427?
-37572
In base 14, what is -13a72 + 5?
-13a6b
In base 11, what is 5 + -489a7?
-489a2
In base 3, what is 102212011 - 2120?
102202121
In base 13, what is -1 + 7c82?
7c81
In base 4, what is -3032 - -132313?
123221
In base 5, what is 23 + 110403?
110431
In base 6, what is 34034140 - 5?
34034131
In base 2, what is 1011 + -1001101101001000?
-1001101100111101
In base 3, what is 20100 - 101?
12222
In base 6, what is 331534 + 21?
331555
In base 12, what is 4 + 1a2519?
1a2521
In base 15, what is 5 + -4a0e?
-4a09
In base 7, what is 1315 - 324?
661
In base 13, what is c9 - -912?
a0b
In base 13, what is -b + -11453?
-11461
In base 12, what is -22907a + 4?
-229076
In base 13, what is -1 - -11a458?
11a457
In base 16, what is -298 - 21a?
-4b2
In base 4, what is -1 - -121002310?
121002303
In base 9, what is 266 - -228?
505
In base 16, what is -2fe5 + 0?
-2fe5
In base 8, what is 5 + -1523443?
-1523436
In base 4, what is -100133 + -1133?
-101332
In base 13, what is -5 + 54956?
54951
In base 8, what is 114134 + 2?
114136
In base 14, what is 662b6 - 0?
662b6
In base 8, what is -65 - -33515?
33430
In base 4, what is -11132 - 3122?
-20320
In base 6, what is 4431 - 10?
4421
In base 9, what is 3127 - -30?
3157
In base 13, what is 28b - 18b1?
-1623
In base 2, what is -101 + -10101110011011?
-10101110100000
In base 15, what is -209 + -81?
-28a
In base 16, what is -1e3 - -809?
626
In base 3, what is 101000 - 202121?
-101121
In base 11, what is -4025 - -3?
-4022
In base 16, what is ad - -7b8?
865
In base 4, what is 31302222 - -31?
31302313
In base 8, what is -16 + 66?
50
In base 9, what is 0 + 6633?
6633
In base 15, what is -6b - -4d?
-1d
In base 11, what is -409 + 275?
-144
In base 15, what is -44e - 5?
-454
In base 14, what is -42b - 7?
-434
In base 8, what is -2 - 11045?
-11047
In base 3, what is 110020221112 + -1?
110020221111
In base 8, what is 1060 - 4356?
-3276
In base 14, what is -7 - 3dd7?
-4000
In base 11, what is 51 + -11840?
-1179a
In base 10, what is -5 - -3762?
3757
In base 13, what is 1 + -1bb6?
-1bb5
In base 7, what is 13 - 52046?
-52033
In base 13, what is 2a1 + -42?
25c
In base 13, what is 8 + b6?
c1
In base 15, what is cc3d + 4?
cc42
In base 10, what is 737 - 20?
717
In base 9, what is 7743 - -1?
7744
In base 2, what is -11010 + 100011000001111?
100010111110101
In base 3, what is -112100120 - -10?
-112100110
In base 11, what is -8612 - 6a?
-8681
In base 12, what is -1 - -3aa54?
3aa53
In base 9, what is 0 - 160714?
-160714
In base 8, what is -31 - 3224?
-3255
In base 8, what is -24 - 37623?
-37647
In base 2, what is 11111001 - -10000110011?
10100101100
In base 14, what is 12cad1 + 3?
12cad4
In base 16, what is -2 - -541e?
541c
In base 16, what is -3abe3 - -3?
-3abe0
In base 7, what is -46353 + -3?
-46356
In base 15, what is -694d7 + 3?
-694d4
In base 11, what is 1349a7 - 3?
1349a4
In base 16, what is 2 - 1337?
-1335
In base 16, what is 3e3 + -3?
3e0
In base 15, what is 7 + 5e87?
5e8e
In base 13, what is 533677 + 4?
53367b
In base 15, what is -117e + 150?
-102e
In base 7, what is 3061 - 1?
3060
In base 4, what is 1232113 + -1011?
1231102
In base 5, what is -24 - -1020413?
1020334
In base 11, what is -10 + -111106?
-111116
In base 15, what is 11 - -1761?
1772
In base 9, what is -5 - -171760?
171754
In base 13, what is 300b + 24?
3032
In base 3, wh